[INFO] fetching crate picky-asn1-der 0.2.4...
[INFO] building picky-asn1-der-0.2.4 against master#ff34b919075f35a1787659e9c448a34b06bab8de for issue-85264
[INFO] extracting crate picky-asn1-der 0.2.4 into /workspace/builds/worker-6/source
[INFO] validating manifest of crates.io crate picky-asn1-der 0.2.4 on toolchain ff34b919075f35a1787659e9c448a34b06bab8de
[INFO] running `Command { std: "/workspace/cargo-home/bin/cargo" "+ff34b919075f35a1787659e9c448a34b06bab8de" "metadata" "--manifest-path" "Cargo.toml" "--no-deps", kill_on_drop: false }`
[INFO] started tweaking crates.io crate picky-asn1-der 0.2.4
[INFO] finished tweaking crates.io crate picky-asn1-der 0.2.4
[INFO] tweaked toml for crates.io crate picky-asn1-der 0.2.4 written to /workspace/builds/worker-6/source/Cargo.toml
[INFO] running `Command { std: "/workspace/cargo-home/bin/cargo" "+ff34b919075f35a1787659e9c448a34b06bab8de" "generate-lockfile" "--manifest-path" "Cargo.toml" "-Zno-index-update", kill_on_drop: false }`
[INFO] running `Command { std: "/workspace/cargo-home/bin/cargo" "+ff34b919075f35a1787659e9c448a34b06bab8de" "fetch" "--manifest-path" "Cargo.toml", kill_on_drop: false }`
[INFO] running `Command { std: "docker" "create" "-v" "/var/lib/crater-agent-workspace/builds/worker-6/target:/opt/rustwide/target:rw,Z" "-v" "/var/lib/crater-agent-workspace/builds/worker-6/source:/opt/rustwide/workdir:ro,Z" "-v" "/var/lib/crater-agent-workspace/cargo-home:/opt/rustwide/cargo-home:ro,Z" "-v" "/var/lib/crater-agent-workspace/rustup-home:/opt/rustwide/rustup-home:ro,Z" "-e" "SOURCE_DIR=/opt/rustwide/workdir" "-e" "CARGO_TARGET_DIR=/opt/rustwide/target" "-e" "CARGO_HOME=/opt/rustwide/cargo-home" "-e" "RUSTUP_HOME=/opt/rustwide/rustup-home" "-w" "/opt/rustwide/workdir" "-m" "1610612736" "--user" "0:0" "--network" "none" "ghcr.io/rust-lang/crates-build-env/linux@sha256:20528e8c29e4536546f0102ce88568b16ea7538393a33fcca951030f7af10457" "/opt/rustwide/cargo-home/bin/cargo" "+ff34b919075f35a1787659e9c448a34b06bab8de" "metadata" "--no-deps" "--format-version=1", kill_on_drop: false }`
[INFO] [stderr] WARNING: Your kernel does not support swap limit capabilities or the cgroup is not mounted. Memory limited without swap.
[INFO] [stdout] 78246444b745dc92cd25cc88e6f301495a277ed327415fde1f99fc5ac0cf12fa
[INFO] running `Command { std: "docker" "start" "-a" "78246444b745dc92cd25cc88e6f301495a277ed327415fde1f99fc5ac0cf12fa", kill_on_drop: false }`
[INFO] running `Command { std: "docker" "inspect" "78246444b745dc92cd25cc88e6f301495a277ed327415fde1f99fc5ac0cf12fa", kill_on_drop: false }`
[INFO] running `Command { std: "docker" "rm" "-f" "78246444b745dc92cd25cc88e6f301495a277ed327415fde1f99fc5ac0cf12fa", kill_on_drop: false }`
[INFO] [stdout] 78246444b745dc92cd25cc88e6f301495a277ed327415fde1f99fc5ac0cf12fa
[INFO] running `Command { std: "docker" "create" "-v" "/var/lib/crater-agent-workspace/builds/worker-6/target:/opt/rustwide/target:rw,Z" "-v" "/var/lib/crater-agent-workspace/builds/worker-6/source:/opt/rustwide/workdir:ro,Z" "-v" "/var/lib/crater-agent-workspace/cargo-home:/opt/rustwide/cargo-home:ro,Z" "-v" "/var/lib/crater-agent-workspace/rustup-home:/opt/rustwide/rustup-home:ro,Z" "-e" "SOURCE_DIR=/opt/rustwide/workdir" "-e" "CARGO_TARGET_DIR=/opt/rustwide/target" "-e" "CARGO_INCREMENTAL=0" "-e" "RUST_BACKTRACE=full" "-e" "RUSTFLAGS=--cap-lints=forbid" "-e" "CARGO_HOME=/opt/rustwide/cargo-home" "-e" "RUSTUP_HOME=/opt/rustwide/rustup-home" "-w" "/opt/rustwide/workdir" "-m" "1610612736" "--user" "0:0" "--network" "none" "ghcr.io/rust-lang/crates-build-env/linux@sha256:20528e8c29e4536546f0102ce88568b16ea7538393a33fcca951030f7af10457" "/opt/rustwide/cargo-home/bin/cargo" "+ff34b919075f35a1787659e9c448a34b06bab8de" "build" "--frozen" "--message-format=json", kill_on_drop: false }`
[INFO] [stdout] 5d3dad6309136a2db15a4e16a70bc69ada44a92f78ba7dc77e92162fba4e177b
[INFO] [stderr] WARNING: Your kernel does not support swap limit capabilities or the cgroup is not mounted. Memory limited without swap.
[INFO] running `Command { std: "docker" "start" "-a" "5d3dad6309136a2db15a4e16a70bc69ada44a92f78ba7dc77e92162fba4e177b", kill_on_drop: false }`
[INFO] [stderr]    Compiling serde_derive v1.0.126
[INFO] [stderr]    Compiling serde v1.0.126
[INFO] [stderr]    Compiling syn v1.0.72
[INFO] [stderr]    Compiling serde_bytes v0.11.5
[INFO] [stderr]    Compiling oid v0.2.1
[INFO] [stderr]    Compiling picky-asn1 v0.3.2
[INFO] [stderr]    Compiling picky-asn1-der v0.2.4 (/opt/rustwide/workdir)
[INFO] [stderr]     Finished dev [unoptimized + debuginfo] target(s) in 34.92s
[INFO] running `Command { std: "docker" "inspect" "5d3dad6309136a2db15a4e16a70bc69ada44a92f78ba7dc77e92162fba4e177b", kill_on_drop: false }`
[INFO] running `Command { std: "docker" "rm" "-f" "5d3dad6309136a2db15a4e16a70bc69ada44a92f78ba7dc77e92162fba4e177b", kill_on_drop: false }`
[INFO] [stdout] 5d3dad6309136a2db15a4e16a70bc69ada44a92f78ba7dc77e92162fba4e177b
[INFO] running `Command { std: "docker" "create" "-v" "/var/lib/crater-agent-workspace/builds/worker-6/target:/opt/rustwide/target:rw,Z" "-v" "/var/lib/crater-agent-workspace/builds/worker-6/source:/opt/rustwide/workdir:ro,Z" "-v" "/var/lib/crater-agent-workspace/cargo-home:/opt/rustwide/cargo-home:ro,Z" "-v" "/var/lib/crater-agent-workspace/rustup-home:/opt/rustwide/rustup-home:ro,Z" "-e" "SOURCE_DIR=/opt/rustwide/workdir" "-e" "CARGO_TARGET_DIR=/opt/rustwide/target" "-e" "CARGO_INCREMENTAL=0" "-e" "RUST_BACKTRACE=full" "-e" "RUSTFLAGS=--cap-lints=forbid" "-e" "CARGO_HOME=/opt/rustwide/cargo-home" "-e" "RUSTUP_HOME=/opt/rustwide/rustup-home" "-w" "/opt/rustwide/workdir" "-m" "1610612736" "--user" "0:0" "--network" "none" "ghcr.io/rust-lang/crates-build-env/linux@sha256:20528e8c29e4536546f0102ce88568b16ea7538393a33fcca951030f7af10457" "/opt/rustwide/cargo-home/bin/cargo" "+ff34b919075f35a1787659e9c448a34b06bab8de" "test" "--frozen" "--no-run" "--message-format=json", kill_on_drop: false }`
[INFO] [stdout] 5e6a1babc27ac20d3b85bf7d22c1c7eb4c5be4a8d542fef5261cb0f558e612a7
[INFO] [stderr] WARNING: Your kernel does not support swap limit capabilities or the cgroup is not mounted. Memory limited without swap.
[INFO] running `Command { std: "docker" "start" "-a" "5e6a1babc27ac20d3b85bf7d22c1c7eb4c5be4a8d542fef5261cb0f558e612a7", kill_on_drop: false }`
[INFO] [stderr]    Compiling getrandom v0.1.16
[INFO] [stderr]    Compiling ppv-lite86 v0.2.10
[INFO] [stderr]    Compiling libm v0.2.1
[INFO] [stderr]    Compiling spin v0.5.2
[INFO] [stderr]    Compiling byteorder v1.4.3
[INFO] [stderr]    Compiling smallvec v1.6.1
[INFO] [stderr]    Compiling base64 v0.12.3
[INFO] [stderr]    Compiling num-traits v0.2.14
[INFO] [stderr]    Compiling num-integer v0.1.44
[INFO] [stderr]    Compiling num-iter v0.1.42
[INFO] [stderr]    Compiling num-bigint-dig v0.6.1
[INFO] [stderr]    Compiling pretty_assertions v0.6.1
[INFO] [stderr]    Compiling oid v0.1.1
[INFO] [stderr]    Compiling lazy_static v1.4.0
[INFO] [stderr]    Compiling rand_core v0.5.1
[INFO] [stderr]    Compiling rand_chacha v0.2.2
[INFO] [stderr]    Compiling rand v0.7.3
[INFO] [stderr]    Compiling picky-asn1-der v0.2.4 (/opt/rustwide/workdir)
[INFO] [stdout] error[E0277]: the trait bound `picky_asn1::wrapper::ObjectIdentifierAsn1: From<oid::ObjectIdentifier>` is not satisfied
[INFO] [stdout]   --> tests/serde_der_advanced_asn1_types.rs:31:15
[INFO] [stdout]    |
[INFO] [stdout] 31 |     let oid = ObjectIdentifierAsn1::from(ObjectIdentifier::try_from("1.3.14.3.2.26").unwrap());
[INFO] [stdout]    |               ^^^^^^^^^^^^^^^^^^^^^^^^^^ the trait `From<oid::ObjectIdentifier>` is not implemented for `picky_asn1::wrapper::ObjectIdentifierAsn1`
[INFO] [stdout]    |
[INFO] [stdout]    = help: the following implementations were found:
[INFO] [stdout]              <picky_asn1::wrapper::ObjectIdentifierAsn1 as From<oid::ObjectIdentifier>>
[INFO] [stdout]    = note: required by `std::convert::From::from`
[INFO] [stdout] 
[INFO] [stdout] 
[INFO] [stdout] error[E0277]: the trait bound `picky_asn1::wrapper::ObjectIdentifierAsn1: From<oid::ObjectIdentifier>` is not satisfied
[INFO] [stdout]   --> tests/pki_tests/ocsp_request.rs:89:45
[INFO] [stdout]    |
[INFO] [stdout] 89 |                         algorithm: sha1_oid.into(),
[INFO] [stdout]    |                                             ^^^^ the trait `From<oid::ObjectIdentifier>` is not implemented for `picky_asn1::wrapper::ObjectIdentifierAsn1`
[INFO] [stdout]    |
[INFO] [stdout]    = help: the following implementations were found:
[INFO] [stdout]              <picky_asn1::wrapper::ObjectIdentifierAsn1 as From<oid::ObjectIdentifier>>
[INFO] [stdout]    = note: required because of the requirements on the impl of `Into<picky_asn1::wrapper::ObjectIdentifierAsn1>` for `oid::ObjectIdentifier`
[INFO] [stdout] 
[INFO] [stdout] 
[INFO] [stdout] error[E0277]: the trait bound `picky_asn1::wrapper::ObjectIdentifierAsn1: From<oid::ObjectIdentifier>` is not satisfied
[INFO] [stdout]   --> tests/pki_tests/rsa_public_key.rs:53:35
[INFO] [stdout]    |
[INFO] [stdout] 53 |         algorithm: rsa_encryption.into(),
[INFO] [stdout]    |                                   ^^^^ the trait `From<oid::ObjectIdentifier>` is not implemented for `picky_asn1::wrapper::ObjectIdentifierAsn1`
[INFO] [stdout]    |
[INFO] [stdout]    = help: the following implementations were found:
[INFO] [stdout]              <picky_asn1::wrapper::ObjectIdentifierAsn1 as From<oid::ObjectIdentifier>>
[INFO] [stdout]    = note: required because of the requirements on the impl of `Into<picky_asn1::wrapper::ObjectIdentifierAsn1>` for `oid::ObjectIdentifier`
[INFO] [stdout] 
[INFO] [stdout] 
[INFO] [stdout] error[E0277]: the trait bound `picky_asn1::wrapper::ObjectIdentifierAsn1: From<oid::ObjectIdentifier>` is not satisfied
[INFO] [stdout]    --> tests/pki_tests/x509_v3_certificate.rs:149:60
[INFO] [stdout]     |
[INFO] [stdout] 149 |         ty: ObjectIdentifier::try_from("2.5.4.3").unwrap().into(),
[INFO] [stdout]     |                                                            ^^^^ the trait `From<oid::ObjectIdentifier>` is not implemented for `picky_asn1::wrapper::ObjectIdentifierAsn1`
[INFO] [stdout]     |
[INFO] [stdout]     = help: the following implementations were found:
[INFO] [stdout]               <picky_asn1::wrapper::ObjectIdentifierAsn1 as From<oid::ObjectIdentifier>>
[INFO] [stdout]     = note: required because of the requirements on the impl of `Into<picky_asn1::wrapper::ObjectIdentifierAsn1>` for `oid::ObjectIdentifier`
[INFO] [stdout] 
[INFO] [stdout] 
[INFO] [stdout] error[E0277]: the trait bound `picky_asn1::wrapper::ObjectIdentifierAsn1: From<oid::ObjectIdentifier>` is not satisfied
[INFO] [stdout]    --> tests/pki_tests/x509_v3_certificate.rs:165:60
[INFO] [stdout]     |
[INFO] [stdout] 165 |         ty: ObjectIdentifier::try_from("2.5.4.3").unwrap().into(),
[INFO] [stdout]     |                                                            ^^^^ the trait `From<oid::ObjectIdentifier>` is not implemented for `picky_asn1::wrapper::ObjectIdentifierAsn1`
[INFO] [stdout]     |
[INFO] [stdout]     = help: the following implementations were found:
[INFO] [stdout]               <picky_asn1::wrapper::ObjectIdentifierAsn1 as From<oid::ObjectIdentifier>>
[INFO] [stdout]     = note: required because of the requirements on the impl of `Into<picky_asn1::wrapper::ObjectIdentifierAsn1>` for `oid::ObjectIdentifier`
[INFO] [stdout] 
[INFO] [stdout] 
[INFO] [stdout] error[E0277]: the trait bound `picky_asn1::wrapper::ObjectIdentifierAsn1: From<oid::ObjectIdentifier>` is not satisfied
[INFO] [stdout]    --> tests/pki_tests/x509_v3_certificate.rs:175:39
[INFO] [stdout]     |
[INFO] [stdout] 175 |             algorithm: rsa_encryption.into(),
[INFO] [stdout]     |                                       ^^^^ the trait `From<oid::ObjectIdentifier>` is not implemented for `picky_asn1::wrapper::ObjectIdentifierAsn1`
[INFO] [stdout]     |
[INFO] [stdout]     = help: the following implementations were found:
[INFO] [stdout]               <picky_asn1::wrapper::ObjectIdentifierAsn1 as From<oid::ObjectIdentifier>>
[INFO] [stdout]     = note: required because of the requirements on the impl of `Into<picky_asn1::wrapper::ObjectIdentifierAsn1>` for `oid::ObjectIdentifier`
[INFO] [stdout] 
[INFO] [stdout] 
[INFO] [stdout] error[E0277]: the trait bound `picky_asn1::wrapper::ObjectIdentifierAsn1: From<oid::ObjectIdentifier>` is not satisfied
[INFO] [stdout]    --> tests/pki_tests/x509_v3_certificate.rs:194:40
[INFO] [stdout]     |
[INFO] [stdout] 194 |             extn_id: basic_constraints.into(),
[INFO] [stdout]     |                                        ^^^^ the trait `From<oid::ObjectIdentifier>` is not implemented for `picky_asn1::wrapper::ObjectIdentifierAsn1`
[INFO] [stdout]     |
[INFO] [stdout]     = help: the following implementations were found:
[INFO] [stdout]               <picky_asn1::wrapper::ObjectIdentifierAsn1 as From<oid::ObjectIdentifier>>
[INFO] [stdout]     = note: required because of the requirements on the impl of `Into<picky_asn1::wrapper::ObjectIdentifierAsn1>` for `oid::ObjectIdentifier`
[INFO] [stdout] 
[INFO] [stdout] 
[INFO] [stdout] error[E0277]: the trait bound `picky_asn1::wrapper::ObjectIdentifierAsn1: From<oid::ObjectIdentifier>` is not satisfied
[INFO] [stdout]    --> tests/pki_tests/x509_v3_certificate.rs:199:32
[INFO] [stdout]     |
[INFO] [stdout] 199 |             extn_id: key_usage.into(),
[INFO] [stdout]     |                                ^^^^ the trait `From<oid::ObjectIdentifier>` is not implemented for `picky_asn1::wrapper::ObjectIdentifierAsn1`
[INFO] [stdout]     |
[INFO] [stdout]     = help: the following implementations were found:
[INFO] [stdout]               <picky_asn1::wrapper::ObjectIdentifierAsn1 as From<oid::ObjectIdentifier>>
[INFO] [stdout]     = note: required because of the requirements on the impl of `Into<picky_asn1::wrapper::ObjectIdentifierAsn1>` for `oid::ObjectIdentifier`
[INFO] [stdout] 
[INFO] [stdout] 
[INFO] [stdout] error[E0277]: the trait bound `picky_asn1::wrapper::ObjectIdentifierAsn1: From<oid::ObjectIdentifier>` is not satisfied
[INFO] [stdout]    --> tests/pki_tests/x509_v3_certificate.rs:204:45
[INFO] [stdout]     |
[INFO] [stdout] 204 |             extn_id: subject_key_identifier.into(),
[INFO] [stdout]     |                                             ^^^^ the trait `From<oid::ObjectIdentifier>` is not implemented for `picky_asn1::wrapper::ObjectIdentifierAsn1`
[INFO] [stdout]     |
[INFO] [stdout]     = help: the following implementations were found:
[INFO] [stdout]               <picky_asn1::wrapper::ObjectIdentifierAsn1 as From<oid::ObjectIdentifier>>
[INFO] [stdout]     = note: required because of the requirements on the impl of `Into<picky_asn1::wrapper::ObjectIdentifierAsn1>` for `oid::ObjectIdentifier`
[INFO] [stdout] 
[INFO] [stdout] 
[INFO] [stdout] error[E0277]: the trait bound `picky_asn1::wrapper::ObjectIdentifierAsn1: From<oid::ObjectIdentifier>` is not satisfied
[INFO] [stdout]    --> tests/pki_tests/x509_v3_certificate.rs:209:47
[INFO] [stdout]     |
[INFO] [stdout] 209 |             extn_id: authority_key_identifier.into(),
[INFO] [stdout]     |                                               ^^^^ the trait `From<oid::ObjectIdentifier>` is not implemented for `picky_asn1::wrapper::ObjectIdentifierAsn1`
[INFO] [stdout]     |
[INFO] [stdout]     = help: the following implementations were found:
[INFO] [stdout]               <picky_asn1::wrapper::ObjectIdentifierAsn1 as From<oid::ObjectIdentifier>>
[INFO] [stdout]     = note: required because of the requirements on the impl of `Into<picky_asn1::wrapper::ObjectIdentifierAsn1>` for `oid::ObjectIdentifier`
[INFO] [stdout] 
[INFO] [stdout] 
[INFO] [stdout] error[E0277]: the trait bound `picky_asn1::wrapper::ObjectIdentifierAsn1: From<oid::ObjectIdentifier>` is not satisfied
[INFO] [stdout]    --> tests/pki_tests/x509_v3_certificate.rs:222:85
[INFO] [stdout]     |
[INFO] [stdout] 222 |             algorithm: ObjectIdentifier::try_from("1.2.840.113549.1.1.11").unwrap().into(), // sha256
[INFO] [stdout]     |                                                                                     ^^^^ the trait `From<oid::ObjectIdentifier>` is not implemented for `picky_asn1::wrapper::ObjectIdentifierAsn1`
[INFO] [stdout]     |
[INFO] [stdout]     = help: the following implementations were found:
[INFO] [stdout]               <picky_asn1::wrapper::ObjectIdentifierAsn1 as From<oid::ObjectIdentifier>>
[INFO] [stdout]     = note: required because of the requirements on the impl of `Into<picky_asn1::wrapper::ObjectIdentifierAsn1>` for `oid::ObjectIdentifier`
[INFO] [stdout] 
[INFO] [stdout] 
[INFO] [stdout] error[E0277]: the trait bound `picky_asn1::wrapper::ObjectIdentifierAsn1: From<oid::ObjectIdentifier>` is not satisfied
[INFO] [stdout]    --> tests/pki_tests/x509_v3_certificate.rs:237:31
[INFO] [stdout]     |
[INFO] [stdout] 237 |         algorithm: sha256_oid.into(),
[INFO] [stdout]     |                               ^^^^ the trait `From<oid::ObjectIdentifier>` is not implemented for `picky_asn1::wrapper::ObjectIdentifierAsn1`
[INFO] [stdout]     |
[INFO] [stdout]     = help: the following implementations were found:
[INFO] [stdout]               <picky_asn1::wrapper::ObjectIdentifierAsn1 as From<oid::ObjectIdentifier>>
[INFO] [stdout]     = note: required because of the requirements on the impl of `Into<picky_asn1::wrapper::ObjectIdentifierAsn1>` for `oid::ObjectIdentifier`
[INFO] [stdout] 
[INFO] [stdout] 
[INFO] [stdout] error: aborting due to 12 previous errors
[INFO] [stdout] 
[INFO] [stdout] 
[INFO] [stdout] For more information about this error, try `rustc --explain E0277`.
[INFO] [stdout] 
[INFO] [stderr] error: could not compile `picky-asn1-der`
[INFO] [stderr] 
[INFO] [stderr] To learn more, run the command again with --verbose.
[INFO] [stderr] warning: build failed, waiting for other jobs to finish...
[INFO] [stderr] error: build failed
[INFO] running `Command { std: "docker" "inspect" "5e6a1babc27ac20d3b85bf7d22c1c7eb4c5be4a8d542fef5261cb0f558e612a7", kill_on_drop: false }`
[INFO] running `Command { std: "docker" "rm" "-f" "5e6a1babc27ac20d3b85bf7d22c1c7eb4c5be4a8d542fef5261cb0f558e612a7", kill_on_drop: false }`
[INFO] [stdout] 5e6a1babc27ac20d3b85bf7d22c1c7eb4c5be4a8d542fef5261cb0f558e612a7
